{"id":118,"date":"2025-12-22T18:50:52","date_gmt":"2025-12-22T18:50:52","guid":{"rendered":"https:\/\/fornageconstructionbois.fr\/?page_id=118"},"modified":"2026-01-26T23:38:53","modified_gmt":"2026-01-26T23:38:53","slug":"nos-actualites","status":"publish","type":"page","link":"https:\/\/fornageconstructionbois.fr\/index.php\/nos-actualites\/","title":{"rendered":"Nos actualit\u00e9s"},"content":{"rendered":"\n<h2 class=\"wp-block-heading has-text-align-center has-marron-color has-beige-clair-background-color has-text-color has-background has-link-color wp-elements-84c2b6fa5b190e1b71b1fcb32c6c61f0\">NOS ACTUALIT\u00c9S<\/h2>\n\n\n\n<div style=\"height:37px\" aria-hidden=\"true\" class=\"wp-block-spacer\"><\/div>\n\n\n\n<h2 class=\"wp-block-heading has-text-align-center has-vert-deau-color has-text-color has-link-color wp-elements-5a2ef94878b12299a9b3f0cc879b5d8b\" style=\"font-size:29px\">REJOIGNEZ-NOUS : ON RECRUTE<\/h2>\n\n\n\n<p class=\"has-text-align-center\"><\/p>\n\n\n\n<p class=\"has-text-align-center\">Dans le cadre de notre d\u00e9veloppement, on recrute un charpentier (confirm\u00e9 ou d\u00e9butant). Int\u00e9grez une \u00e9quipe jeune et dynamique \u00e0 taille humaine. Votre temps de travail sera partag\u00e9 entre l&rsquo;atelier et les chantiers clients. <br>Vos avantages ? Travail sur 4 jours, restaurant le midi et mutuelle. Le salaire est \u00e0 d\u00e9finir selon les comp\u00e9tences<\/p>\n\n\n\n<p class=\"has-text-align-center has-marron-color has-text-color has-link-color wp-elements-12975756aa5c46815b8024d4e93acf51\"><strong>Candidature \u00e0 adresser \u00e0 hanrotfornage@hotmail.com<\/strong><\/p>\n\n\n\n<div style=\"height:33px\" aria-hidden=\"true\" class=\"wp-block-spacer\"><\/div>\n\n\n\n<div class=\"wp-block-buttons is-content-justification-center is-layout-flex wp-container-core-buttons-is-layout-16018d1d wp-block-buttons-is-layout-flex\">\n<div class=\"wp-block-button\"><a class=\"wp-block-button__link wp-element-button\" style=\"border-top-left-radius:20px;border-top-right-radius:20px;border-bottom-left-radius:20px;border-bottom-right-radius:20px\">Contactez-nous<\/a><\/div>\n<\/div>\n\n\n\n<div style=\"height:98px\" aria-hidden=\"true\" class=\"wp-block-spacer\"><\/div>\n\n\n\n<div class=\"wp-block-group has-vert-deau-background-color has-background\"><div class=\"wp-block-group__inner-container is-layout-constrained wp-block-group-is-layout-constrained\">\n<div style=\"height:5px\" aria-hidden=\"true\" class=\"wp-block-spacer\"><\/div>\n\n\n\n<h2 class=\"wp-block-heading has-text-align-center has-base-3-color has-text-color has-link-color wp-elements-ce213db1dcdeddce9094e8c2d58d1ccf\" style=\"font-size:29px\"><strong>D\u00c9COUVREZ NOS DERNIERS ARTICLES DE BLOG<\/strong><\/h2>\n\n\n\n<div style=\"height:18px\" aria-hidden=\"true\" class=\"wp-block-spacer\"><\/div>\n\n\n\n<div class=\"wp-block-columns has-beige-clair-background-color has-background is-layout-flex wp-container-core-columns-is-layout-9d6595d7 wp-block-columns-is-layout-flex\">\n<div class=\"wp-block-column is-layout-flow wp-block-column-is-layout-flow\">\n<h2 class=\"wp-block-heading has-text-align-center has-contrast-color has-text-color has-link-color wp-elements-ab51f2492e444f4d2c15a913b76d07dd\" style=\"font-size:16px\"><strong>Nos derniers articles : <\/strong><\/h2>\n\n\n<ul class=\"wp-block-latest-posts__list wp-block-latest-posts\"><li><a class=\"wp-block-latest-posts__post-title\" href=\"https:\/\/fornageconstructionbois.fr\/index.php\/2026\/01\/26\/conseils-dexperts-pour-reussir-votre-renovation-dossature-a-pontarlier\/\">Conseils d&rsquo;experts pour r\u00e9ussir votre r\u00e9novation d&rsquo;ossature \u00e0 Pontarlier<\/a><\/li>\n<\/ul><\/div>\n<\/div>\n<\/div><\/div>\n","protected":false},"excerpt":{"rendered":"<p>NOS ACTUALIT\u00c9S REJOIGNEZ-NOUS : ON RECRUTE Dans le cadre de notre d\u00e9veloppement, on recrute un charpentier (confirm\u00e9 ou d\u00e9butant). Int\u00e9grez une \u00e9quipe jeune et dynamique \u00e0 taille humaine. Votre temps de travail sera partag\u00e9 entre l&rsquo;atelier et les chantiers clients. Vos avantages ? Travail sur 4 jours, restaurant le midi et mutuelle. Le salaire est &#8230; <a title=\"Nos actualit\u00e9s\" class=\"read-more\" href=\"https:\/\/fornageconstructionbois.fr\/index.php\/nos-actualites\/\" aria-label=\"En savoir plus sur Nos actualit\u00e9s\">Lire la suite<\/a><\/p>\n","protected":false},"author":1,"featured_media":0,"parent":0,"menu_order":0,"comment_status":"closed","ping_status":"closed","template":"","meta":{"footnotes":""},"class_list":["post-118","page","type-page","status-publish"],"_links":{"self":[{"href":"https:\/\/fornageconstructionbois.fr\/index.php\/wp-json\/wp\/v2\/pages\/118","targetHints":{"allow":["GET"]}}],"collection":[{"href":"https:\/\/fornageconstructionbois.fr\/index.php\/wp-json\/wp\/v2\/pages"}],"about":[{"href":"https:\/\/fornageconstructionbois.fr\/index.php\/wp-json\/wp\/v2\/types\/page"}],"author":[{"embeddable":true,"href":"https:\/\/fornageconstructionbois.fr\/index.php\/wp-json\/wp\/v2\/users\/1"}],"replies":[{"embeddable":true,"href":"https:\/\/fornageconstructionbois.fr\/index.php\/wp-json\/wp\/v2\/comments?post=118"}],"version-history":[{"count":9,"href":"https:\/\/fornageconstructionbois.fr\/index.php\/wp-json\/wp\/v2\/pages\/118\/revisions"}],"predecessor-version":[{"id":916,"href":"https:\/\/fornageconstructionbois.fr\/index.php\/wp-json\/wp\/v2\/pages\/118\/revisions\/916"}],"wp:attachment":[{"href":"https:\/\/fornageconstructionbois.fr\/index.php\/wp-json\/wp\/v2\/media?parent=118"}],"curies":[{"name":"wp","href":"https:\/\/api.w.org\/{rel}","templated":true}]}}